?
279
Let n(p) = p**3 + 5*p**2 + 126*p + 818. What is n(-6)?
26
Let x(z) = 52206*z - 104410. Calculate x(2).
2
Let x(l) = -11*l**3 - 625*l**2 - 13*l + 120. What is x(-57)?
7359
Let j(l) = -5*l**2 + 110*l + 488. Determine j(-5).
-187
Let r(o) = 18*o**2 + 544*o - 25. Calculate r(0).
-25
Let o(c) = 210248*c + 1051287. What is o(-5)?
47
Let g(t) = -t**2 + 709*t + 80713. Calculate g(-100).
-187
Let o(b) = b**3 - b**2 - 117*b + 493. Determine o(9).
88
Let w(t) = 548*t**2 - 132*t - 119. Determine w(-1).
561
Let o(s) = s**3 - 122*s**2 + 39*s - 5513. Give o(122).
-755
Let b(f) = 21*f**2 - 90*f - 787. Determine b(16).
3149
Let p(z) = 449*z - 35453. Calculate p(81).
916
Let o(z) = 3066*z - 25932. Give o(8).
-1404
Let x(r) = -18957*r - 151184. Calculate x(-8).
472
Let y(m) = m**3 - 152*m**2 - 6781*m + 1046735. Determine y(151).
3
Let i(v) = -6*v**3 + 5*v**2 - 5*v - 69. What is i(3)?
-201
Let a(r) = -2078*r**2 - 8274*r - 23. Determine a(-4).
-175
Let r(t) = -4*t**3 + 55*t**2 + 2312*t - 28761. Determine r(12).
-9
Let y(t) = -17191*t - 825156. Calculate y(-48).
12
Let x(p) = 1624*p + 3384. Determine x(-2).
136
Let w(d) = 127050*d + 127047. Calculate w(-1).
-3
Let y(z) = 4828*z + 13697. What is y(-3)?
-787
Let h(q) = 23308*q + 209729. Determine h(-9).
-43
Let d(i) = 5*i**2 - 30*i + 150. Calculate d(8).
230
Let m(k) = -37*k**2 - 2142*k + 224. What is m(-58)?
-8
Let a(j) = 3*j**2 + 151*j - 3307. Calculate a(19).
645
Let z(y) = -132*y**2 + 20499*y + 4. Determine z(0).
4
Let x(p) = -1983*p + 6025. Determine x(3).
76
Let k(c) = -3*c**2 + 568*c - 22853. Determine k(58).
-1
Let h(d) = d**3 + 7*d**2 + 219*d + 669. Calculate h(-3).
48
Let m(t) = 2*t**2 + 3211*t - 283838. Determine m(84).
-2
Let q(r) = 473*r - 11123. Give q(24).
229
Let w(m) = 96*m**2 - 2777*m + 88. What is w(29)?
291
Let g(d) = d**3 + 69*d**2 - 2746*d - 159438. Determine g(-78).
-6
Let p(m) = 7*m**3 + 42*m**2 - 365*m - 23. Give p(-11).
-243
Let v(z) = 2*z**2 + 520*z + 13769. Give v(-30).
-31
Let d(g) = 135*g**2 + 20063*g - 7761. What is d(-149)?
-13
Let w(l) = 17056*l + 170581. Calculate w(-10).
21
Let f(o) = -201950*o - 1009754. Determine f(-5).
-4
Let i(k) = -853*k + 149353. Calculate i(175).
78
Let c(j) = -9048*j + 44753. Determine c(5).
-487
Let k(g) = -5973*g + 3530122. Calculate k(591).
79
Let r(p) = 314*p - 43644. Calculate r(160).
6596
Let z(y) = 309*y - 70697. Determine z(227).
-554
Let v(r) = 151*r - 74. Calculate v(3).
379
Let v(w) = -99974*w + 3399136. What is v(34)?
20
Let q(v) = 3*v**2 + 46*v - 1392. Calculate q(27).
2037
Let s(k) = 2*k**3 - 114*k**2 + 1487*k - 1614. Determine s(38).
20
Let s(c) = 138827*c - 2915368. Calculate s(21).
-1
Let m(s) = -741*s + 1433. What is m(4)?
-1531
Let f(h) = -4*h**3 + 505*h**2 - 119*h - 864. Determine f(126).
18
Let p(l) = 30*l**2 + 517*l + 162. Determine p(-17).
43
Let q(v) = 4*v**2 - 1582*v + 7903. Give q(5).
93
Let r(t) = -8*t**2 + 145*t + 114. Determine r(28).
-2098
Let p(j) = -51496*j - 103003. What is p(-2)?
-11
Let n(x) = -3273*x + 13. Give n(0).
13
Let w(m) = -3*m**3 - 102*m**2 + 32. What is w(-34)?
32
Let u(r) = 2*r**3 + 5*r**2 + 24*r + 2. Calculate u(0).
2
Let n(u) = 1524*u - 1690. Determine n(1).
-166
Let c(a) = 7*a**2 - 30*a - 1412. Calculate c(16).
-100
Let m(t) = -143*t + 17498. What is m(130)?
-1092
Let l(v) = 452*v**2 - 3567*v - 114. Calculate l(8).
278
Let c(v) = 10*v**2 - 64*v - 185. What is c(11)?
321
Let s(c) = c**3 + 68*c**2 + 967*c + 50149. Determine s(-65).
-31
Let q(h) = 9476*h + 274674. Give q(-29).
-130
Let s(b) = -16649*b + 16631. What is s(1)?
-18
Let z(s) = -23*s**2 - 9661*s - 411. Calculate z(-420).
9
Let t(g) = 592*g**3 + 2958*g**2 - 11*g + 1. Determine t(-5).
6
Let m(j) = 11207*j + 1378486. Determine m(-123).
25
Let z(n) = 4*n**2 + 299*n - 9490. Give z(24).
-10
Let d(b) = 4*b**3 - 194*b**2 + 1752*b + 1724. What is d(36)?
-4
Let r(b) = -1582*b + 515700. Give r(326).
-32
Let n(h) = -h**3 + 3334*h**2 - 26612*h + 28. Give n(8).
-4
Let y(o) = -4*o**2 - 117*o + 2657. Calculate y(30).
-4453
Let c(w) = -61*w**3 + 668*w**2 + 58*w - 490. Give c(11).
-215
Let i(x) = 4*x**3 + 497*x**2 + 131*x + 428. Give i(-124).
-440
Let n(c) = 723*c**2 + 67960*c - 170. What is n(-94)?
18
Let b(t) = 149*t**2 - 892*t - 1. Determine b(6).
11
Let m(c) = 1347*c + 435086. Determine m(-323).
5
Let u(b) = 2822*b - 14258. What is u(5)?
-148
Let n(x) = 10*x**3 - 127*x**2 - 33*x + 614. What is n(13)?
692
Let s(v) = -v**3 + 1392*v**2 + 9788*v - 44. Determine s(-7).
-9
Let h(i) = -161*i + 6149. Determine h(38).
31
Let v(c) = 24244*c - 96971. Give v(4).
5
Let u(x) = -7911*x - 213518. What is u(-27)?
79
Let j(a) = -a**3 + 49*a**2 - 508*a + 22004. Calculate j(48).
-76
Let n(z) = -10*z**3 + 2684*z**2 + 1613*z + 283. Determine n(269).
14
Let n(w) = -30*w**2 - 239*w - 571. Calculate n(-10).
-1181
Let n(b) = -2489*b + 10003. Give n(4).
47
Let n(m) = 4*m**2 + 966*m + 3507. Determine n(-238).
175
Let d(q) = q**3 - 49*q**2 + 123*q + 2478. Give d(45).
-87
Let v(u) = 64*u**2 + 6674*u + 1861. Determine v(-104).
-11
Let j(y) = -12899*y + 103163. What is j(8)?
-29
Let n(w) = w**2 - 2752*w + 60059. Calculate n(22).
-1
Let m(b) = -304*b**2 - 6311*b + 1501. Give m(-21).
-32
Let s(v) = -10947*v + 229862. Calculate s(21).
-25
Let w(b) = 205814*b - 617436. Determine w(3).
6
Let x(g) = 79874*g - 558825. Calculate x(7).
293
Let y(k) = 750*k**2 + 19238*k + 12206. Give y(-25).
6
Let g(q) = 3*q**2 + 2552*q + 2551. Calculate g(-1).
2
Let y(r) = r**3 + 80*r**2 + 88*r + 667. Calculate y(-79).
-44
Let s(o) = 317*o**2 + 244077*o - 10002. Give s(-770).
8
Let x(v) = 1079*v - 163842. Calculate x(151).
-913
Let c(h) = 3*h**3 - 261*h**2 - 381*h + 11375. Give c(88).
1079
Let k(h) = -h**3 + 25*h**2 + 789*h + 3729. Give k(-13).
-106
Let n(y) = -1170*y - 143. Give n(1).
-1313
Let u(h) = 8285*h - 66304. What is u(8)?
-24
Let z(c) = 4*c**2 - 33*c - 670. Determine z(18).
32
Let p(d) = 11521*d + 979282. What is p(-85)?
-3
Let h(k) = -181*k**2 + 3077*k - 71. Give h(17).
-71
Let f(l) = 2*l**3 + 138*l**2 + 112*l - 1420. Give f(-68).
212
Let w(m) = 450*m + 93402. Give w(-208).
-198
Let m(c) = 10*c**3 - 52*c**2 - 14*c + 81. Calculate m(5).
-39
Let u(x) = x**2 + 31584*x + 694364. What is u(-22)?
0
Let o(h) = 59*h**2 + 180*h - 598. Determine o(3).
473
Let a(m) = 229*m + 9882. What is a(-43)?
35
Let i(j) = -j**2 - 1361*j - 468. Calculate i(0).
-468
Let a(q) = -q**3 + 302*q**2 - 7148*q - 7741. Calculate a(276).
-13
Let d(l) = l**3 - 31*l**2 + 133*l - 6749. Give d(33).
-182
Let u(k) = -3*k**3 + 204*k**2 + 28*k + 58. Calculate u(68).
1962
Let t(c) = c**3 + 95*c**2 + 525*c - 1678. Determine t(-89).
-877
Let f(m) = -m**2 + 742*m - 105605. Give f(550).
-5
Let u(b) = -b**3 - 5051*b**2 + 15261*b - 312. Determine u(3).
-15
Let o(n) = n**3 - 415*n**2 - 1257*n + 1251. What is o(418)?
-3
Let i(r) = 396688*r + 1190049. Give i(-3).
-15
Let b(m) = -m**3 - 10*m**2 - 51*m + 68. Determine b(-19).
4286
Let k(j) = -8975*j**2 + 26958*j - 5. Determine k(3).
94
Let i(j) = 8*j**2 + 171*j + 10. Calculate i(-7).
-795
Let p(j) = -17*j**2 + 735*j - 2304. Determine p(40).
-104
Let z(w) = 455*w + 10895. Give z(-24).
-25
Let u(h) = -5*h**2 + 8837*h + 62075. Determine u(-7).
-29
Let r(a) = 3621*a + 7846. Give r(-2).
604
Let n(j) = j**3 - 211*j**2 - 3150*j + 219. Calculate n(225).
219
Let s(t) = -t**3 + 186*t**2 - 6255*t - 117. Give s(44).
-425
Let a(f) = -f**3 + 106*f**2 - 506*f + 711. Give a(101).
610
Let l(c) = -6*c**3 - 71*c**2 - 20*c - 419. Give l(-12).
-35
Let t(g) = g**3 + 180*g**2 + 360*g - 22. Give t(-178).
-734
Let r(w) = -w**3 + 89*w**2 - 393*w + 52276. Give r(91).
-49
Let n(t) = -3010*t - 677249. Determine n(-225).
1
Let f(s) = -98*s**3 - 344*s**2 - 157*s - 20. What is f(-3)?
1
Let k(o) = -2*o**3 + 1030*o**2 - 2036*o - 8356. Calculate k(513).
-148
Let k(b) = -b**3 - 49*b**2 + 263*b + 10757. Give k(-50).
107
Let o(f) = 293005*f + 27835472. Give o(-95).
-3
Let o(h) = 14*h**3 + 4369*h**2 + 312*h - 31. Calculate o(-312).
-31
Let w(c) = 5*c**3 - 2*c**2 - 675*c - 2703. Calculate w(-4).
-355
Let d(w) = -25*w**2 - 149*w + 214. Calculate d(-8).
-194
Let k(v) = -v**3 + 724*v**2 - 4314*v + 45. Calculate k(6).
9
Let x(y) = -20071*y - 381375. Give x(-19).
-26
Let j(d) = -532*d - 18633. Calculate j(-34).
-545
Let t(m) = -11979*m + 11998. Wha